e 2 - (186*1)/(-3). Let d = 39 - m. Let h = 35 + d. What is the tens digit of h?
1
Suppose g = 3*g - 16. Suppose 3*v - v = -m + 8, 5*m + g = 2*v. Suppose -5*k - 2*f - 3*f + 35 = 0, -4*k - v = -4*f. What is the units digit of k?
3
Let g(i) be the third derivative of i**6/120 - i**5/60 - i**2. Let y be 1/2 + (-3)/(-2). What is the units digit of g(y)?
4
Let x = -21 - -85. Let i = 94 - x. What is the units digit of i?
0
Suppose -104 - 139 = -3*m. What is the tens digit of m?
8
Let w(l) = -l**3 - 10*l**2 + l + 8. Let n be w(-10). Let t = n - -14. What is the tens digit of t?
1
Suppose 0*n - 3 = -2*n + 5*u, u - 1 = 0. Suppose -7 = -a - n. Suppose 7*x - 4*x = q + 65, -4*x + 78 = a*q. What is the units digit of x?
1
Let j = 7 - 4. Let d(b) = b - 7*b**2 + 7*b - 4 + b**3 + 0*b**j. What is the units digit of d(6)?
8
Let x = 42 + -30. What is the units digit of x?
2
Let n be (4 + 2)/2 + 28. Let a be (36/21)/(2/14). Let j = n - a. What is the units digit of j?
9
Let t(i) = -2*i**2 + 8*i - 4. Let m(c) = 3*c**2 - 15*c + 7. Let p(y) = 3*m(y) + 5*t(y). Let v be p(-4). Suppose v*f + 35 - 90 = 0. What is the units digit of f?
1
Let b(a) = -a**3 - 6*a**2 - 8*a - 2. What is the units digit of b(-6)?
6
Let m = 25 + -18. What is the units digit of m?
7
Let q be 2 - (-3 + 1 + 2). Let k be (2/(-8))/(1/(-4)). Let f = q - k. What is the units digit of f?
1
Let p = 5 + -13. What is the units digit of 6/4 + (-12)/p?
3
Let u(n) = -2*n**3 + 2*n**2 + 8*n + 9. What is the units digit of u(-4)?
7
Let w(b) = b**2 - 9*b + 6. Let t be w(8). Let a be (8/2 - t) + -2. Suppose a*i + 5*n + 5 = -i, -4*i - n + 11 = 0. What is the units digit of i?
4
Let g be ((-2)/(-3))/(3/(-342)). Let w = 108 + g. What is the tens digit of w?
3
Suppose -8 = -3*y + y - 4*w, 30 = 3*y - 3*w. Suppose -126 - 210 = -y*n. What is the units digit of n?
2
Let g(f) = -2*f**3 - 2*f**2 - 4. What is the units digit of g(-3)?
2
Let n(s) = 4*s**2 + 10*s + 8. Let m(b) = -7*b**2 - 20*b - 17. Let g(l) = -3*m(l) - 5*n(l). What is the units digit of g(-9)?
2
Let o = 101 - 83. What is the units digit of o?
8
Let r = 110 - 73. What is the units digit of r?
7
Let r(o) = o**2 + 7*o + 3. What is the units digit of r(-9)?
1
Let h = 9 - -6. Suppose -5*z = -5*q - 10, -3*q + 6*q = 4*z - 8. Suppose 6*u - u - h = q. What is the units digit of u?
3
Suppose 3*u = u + 16. What is the units digit of u/1 - 3 - 0?
5
Suppose 3*a - 501 = 471. What is the units digit of a?
4
Let a = -14 - -15. Suppose -5*c - a + 101 = 0. What is the units digit of c?
0
Let j be ((2 - 0) + -3)*-1. Let h be (-4)/(-6)*(2 + j). Suppose h*a + 3*a - 5 = 0. What is the units digit of a?
1
Suppose -3*m - 6 = -3*w, -5 = 5*m - 3*w - w. Suppose 5 + 1 = m*x. Suppose 4*t - x*z = 24, 5*t - 35 = 2*z + 3*z. What is the units digit of t?
5
Let u(y) = 3*y**3 - 4*y**2 - 4*y - 2. Let a be u(4). What is the units digit of 4/6 - a/(-6)?
9
Let v = 133 - 70. What is the tens digit of v?
6
Let y(f) = -f**2 + 12*f - 7. Let t be y(8). Let w = 37 - t. Let m = -3 + w. What is the units digit of m?
9
Let g(b) = -b**2 - 3*b + 4. Let a be g(-4). Suppose -i = 3*i - 16. What is the units digit of i + (0 - a)/3?
4
Suppose 4*z - 25 = -3*f + 2*z, 4*f = z + 37. What is the units digit of f?
9
Suppose 0 = -2*f - f - w + 11, 5*f + w = 19. Suppose -f = h - 3. What is the units digit of 2 + (h - (2 - 2))?
1
Let y = -47 + 89. What is the tens digit of y?
4
What is the units digit of ((-52)/12*-3)/((-1)/(-14))?
2
Suppose f - 1 + 9 = 4*l, 17 = -3*l - 5*f. Suppose 5*b + l = 21. Suppose -m + 18 = -b*r + 5*r, 3*m - 54 = 5*r. What is the tens digit of m?
1
Suppose -3 + 1 = -2*i. Let h be (i/(-3))/((-2)/18). Suppose 0 = t - h. What is the units digit of t?
3
Let r = 1 + 0. Suppose -3*v - 45 = -2*d + 34, 0 = -d - 5*v + 20. Suppose -d + 3 = -4*w - 5*f, 0 = 3*w - 2*f - r. What is the units digit of w?
3
Suppose -2*c + 3*b - 9 = 0, -c + 4*b - 23 = -6. Suppose -1 = c*n + 5. Let x = n + 3. What is the units digit of x?
1
Let x(j) = -3*j - j**2 - 4*j + 0*j**2 - 12 - 8*j. Let f be x(-12). Suppose 3*p + p - f = 0. What is the units digit of p?
6
Suppose 24*u - 8*u - 2752 = 0. What is the tens digit of u?
7
Let i = -4 + 23. What is the tens digit of i?
1
Suppose 17*l + 2 = 19*l. What is the units digit of l?
1
Let o(q) = q**3 - 9*q**2 + 9*q - 2. Let y be o(8). What is the tens digit of 77/y + (-2)/(-12)?
1
Suppose 0 = -o + 37 + 27. What is the units digit of o?
4
Let z be 136/36 + (-4)/(-18). Suppose -2*l + 4*l + z = 0. What is the units digit of 9*(16/6 + l)?
6
What is the units digit of 8/((2 - 6)/(-8))?
6
What is the units digit of (61/(-2))/(25/(-10) + 2)?
1
Suppose 2*j = 3*j - 6. Suppose -4*z = -6 - j. What is the units digit of z?
3
Let a(k) = k**2 + 4*k + 9. Let r be (-3)/(-2) - 60/8. What is the units digit of a(r)?
1
Let y be (-22)/(-1) - (3 + 0). What is the tens digit of y - (1 + -1) - 1?
1
Let i = -31 - -7. Let f = i + 39. Suppose 4*m = 5*m + 4*l + f, -16 = 4*m + 5*l. What is the units digit of m?
1
Suppose -6*b + 234 = 3*b. What is the units digit of b?
6
Let s(b) = 0 + b**3 + 0*b**2 + 3*b + 5*b**2 - 2. Let k be s(-4). Suppose -k*m = -4*i + 30, 0 = -4*m + 9*m - 5. What is the units digit of i?
8
What is the tens digit of (-4)/14 + 2400/70?
3
Let t = 189 + -87. Suppose 0 = -v + 2*j + 24 - 1, 3*j + t = 4*v. What is the units digit of v?
7
Suppose 6*o - 7*o - 4 = 0. Let t(s) = -s**2 - 3*s + 3. Let u be t(o). What is the units digit of 2*u/3*-6?
4
Suppose -2*n - 2*n = -220. Suppose -c + j = -n, 2*c - 118 = -0*j + 4*j. Suppose c - 16 = 5*a. What is the units digit of a?
7
Let p = 12 + -7. Suppose -25 = -5*y - p. What is the units digit of y?
4
Suppose -245 + 1141 = 8*k. What is the tens digit of k?
1
Let p(s) = -9 + 9*s**2 - 2*s + 8*s + s**3 + 6. Let g(u) = -u**3 - 6*u**2 - 8. Let x be g(-6). What is the units digit of p(x)?
3
Let s(h) = -h**3 + 8*h**2 + h + 8. What is the tens digit of s(8)?
1
Suppose 0 = l - 2, -4*z + 827 = 5*l + 189. What is the tens digit of z?
5
Let a = -63 - -88. Let y = -17 + a. What is the units digit of y?
8
Let f = 95 + -50. Let i = f - 27. What is the tens digit of i?
1
Suppose -2 + 14 = 2*a. Let k(r) = 2*r - 5. What is the units digit of k(a)?
7
Suppose 2*y - 31 = 135. What is the units digit of y?
3
Let s(k) = -4*k**3 + 3*k**2 + 3*k + 2. Let y be s(-2). Let b be 0 - 7/(14/(-4)). What is the units digit of y/6 + b/6?
7
What is the units digit of (-40)/(-48)*30*1?
5
Let t(j) = -21*j - 18. What is the units digit of t(-4)?
6
Let x be 41*(1 + (-3 - -3)). Suppose 5*n + d = 51 + x, 88 = 5*n - d. What is the tens digit of n?
1
Let s = -25 + 71. What is the units digit of s?
6
Let g = 10 + 1. What is the units digit of g?
1
Suppose 2*a = -0*i + 3*i + 10, i = -2. Suppose a*y = y + 3. What is the units digit of y?
3
Let q(b) = -b + 11. Let v be q(10). Suppose 0 = 2*p + 2*c - 50, p - 5*c + v - 2 = 0. Let z = p - 7. What is the tens digit of z?
1
Let o be 2/4 + (-3)/6. Suppose -3*k + 26 = -o*k + 4*c, 5*k + 2*c - 20 = 0. Suppose k*w + 3*j = 24, 3*w + 0*j + j = 29. What is the units digit of w?
9
Let i(q) = q + 2 - 3 + 0*q + 8*q**2. What is the tens digit of i(2)?
3
Let l = 24 - 17. Let r = -5 + l. What is the units digit of r/9 - (-620)/45?
4
Suppose 3*o = -2*o + 120. Suppose -o - 12 = -3*m. What is the tens digit of m?
1
Let q(m) = -2*m**3 - m**2 - m + 1. Let j be q(1). What is the units digit of (-9)/j + -1 + 2?
4
Let y = 94 - 16. What is the tens digit of y?
7
Suppose 0*a + 4*a + 32 = 5*t, -3*a = 3*t - 3. Suppose -60 = -2*v + t. What is the units digit of v?
2
Let s(a) = 2*a**2 + a + 15. What is the units digit of s(0)?
5
Suppose -156 = -4*u - 20. What is the tens digit of u?
3
Suppose 0*a - 1 = -a. What is the units digit of (a - 2)/((-2)/6)?
3
Suppose 4*u - 5*w = -36 + 121, -65 = -3*u + 4*w. Let g = u + -6. What is the units digit of g?
9
Let f(k) = -3*k - 3. Let y(x) = x**3 - 8*x**2 - 10*x + 7. Let b be y(9). Let v be f(b). Let g = v + 3. What is the units digit of g?
6
Suppose j = 23 - 19. Suppose 0 = m - 4 - 0. Suppose j*n - k = 5 + 1, -4*n = m*k + 4. What is the units digit of n?
1
Suppose 0 = -z - 4*z + 45. Suppose 0 = -b + 1 - z. What is the units digit of 21/4 - (-2)/b?
5
Let s(c) = -c**3 - c**2 - 1. Let m be (2/(-3))/(6/9). Let o(x) = -5*x**3 - 8*x**2 + 3*x - 3. Let v(p) = 